{"id":100818,"date":"2021-10-18T11:44:14","date_gmt":"2021-10-18T09:44:14","guid":{"rendered":"http:\/\/industrialforniture.it\/?page_id=100818"},"modified":"2025-06-18T16:05:39","modified_gmt":"2025-06-18T14:05:39","slug":"certificazioni","status":"publish","type":"page","link":"https:\/\/www.industrialforniture.it\/home\/certificazioni\/","title":{"rendered":"Certificazioni"},"content":{"rendered":"<div class=\"wpb-content-wrapper\"><p>[vc_row unlock_row_content=&#8221;yes&#8221; row_height_percent=&#8221;0&#8243; override_padding=&#8221;yes&#8221; h_padding=&#8221;4&#8243; top_padding=&#8221;2&#8243; bottom_padding=&#8221;2&#8243; overlay_alpha=&#8221;50&#8243; gutter_size=&#8221;3&#8243; column_width_percent=&#8221;100&#8243; shift_y=&#8221;0&#8243; z_index=&#8221;0&#8243; uncode_shortcode_id=&#8221;189213&#8243;][vc_column width=&#8221;1\/1&#8243;][vc_column_text uncode_shortcode_id=&#8221;189678&#8243;]<\/p>\n<p style=\"text-align: center;\">La costante attenzione alla qualit\u00e0 dei materiali e il rispetto delle procedure hanno fatto s\u00ec che Industrialforniture s.r.l si sia aggiudicata le certificazioni CISQ-RINA e ISO 9001:2015.<\/p>\n<p>[\/vc_column_text][\/vc_column][\/vc_row][vc_row row_height_percent=&#8221;0&#8243; override_padding=&#8221;yes&#8221; h_padding=&#8221;2&#8243; top_padding=&#8221;3&#8243; bottom_padding=&#8221;2&#8243; overlay_alpha=&#8221;50&#8243; gutter_size=&#8221;3&#8243; column_width_percent=&#8221;100&#8243; shift_y=&#8221;0&#8243; z_index=&#8221;0&#8243; medium_visibility=&#8221;yes&#8221; mobile_visibility=&#8221;yes&#8221; inverted_device_order=&#8221;yes&#8221; uncode_shortcode_id=&#8221;523609&#8243;][vc_column column_width_percent=&#8221;100&#8243; align_horizontal=&#8221;align_center&#8221; gutter_size=&#8221;3&#8243; overlay_alpha=&#8221;50&#8243; shift_x=&#8221;0&#8243; shift_y=&#8221;0&#8243; shift_y_down=&#8221;0&#8243; z_index=&#8221;0&#8243; medium_width=&#8221;0&#8243; mobile_width=&#8221;0&#8243; width=&#8221;1\/1&#8243; uncode_shortcode_id=&#8221;104243&#8243;][vc_custom_heading uncode_shortcode_id=&#8221;254136&#8243; el_class=&#8221;cert_title&#8221;]POLITICA PER LA QUALITA'[\/vc_custom_heading][vc_empty_space empty_h=&#8221;0&#8243;][vc_raw_html]JTVCd29uZGVycGx1Z2luX3BkZiUyMHNyYyUzRCUyMmh0dHBzJTNBJTJGJTJGd3d3LmluZHVzdHJpYWxmb3JuaXR1cmUuaXQlMkZ3cC1jb250ZW50JTJGdXBsb2FkcyUyRjIwMjMlMkYwNSUyRk1YLTI2NTFfMjAyMzA1MzFfMDgxOTI4LnBkZiUyMiUyMHdpZHRoJTNEJTIyMTAwJTI1JTIyJTIwaGVpZ2h0JTNEJTIyNjAwcHglMjIlMjBzdHlsZSUzRCUyMmJvcmRlciUzQTAlM0IlMjIlNUQ=[\/vc_raw_html][vc_separator sep_color=&#8221;&#8221; uncode_shortcode_id=&#8221;205018&#8243; sep_color_type=&#8221;uncode-solid&#8221; sep_color_solid=&#8221;#ff7700&#8243;][vc_custom_heading uncode_shortcode_id=&#8221;868184&#8243; el_class=&#8221;cert_title&#8221;]CERTIFICAZIONE IQNET[\/vc_custom_heading][vc_empty_space empty_h=&#8221;0&#8243;][vc_raw_html]JTVCd29uZGVycGx1Z2luX3BkZiUyMHNyYyUzRCUyMmh0dHBzJTNBJTJGJTJGd3d3LmluZHVzdHJpYWxmb3JuaXR1cmUuaXQlMkZ3cC1jb250ZW50JTJGdXBsb2FkcyUyRjIwMjQlMkYwNiUyRklTTy05MDAxXzIwMTUtQ2VydGlmaWNhdGUtTm8uMTAwNC45OC5TX0lRTkVULnBkZiUyMiUyMHdpZHRoJTNEJTIyMTAwJTI1JTIyJTIwaGVpZ2h0JTNEJTIyNjAwcHglMjIlMjBzdHlsZSUzRCUyMmJvcmRlciUzQTAlM0IlMjIlNUQ=[\/vc_raw_html][vc_button border_width=&#8221;0&#8243; uncode_shortcode_id=&#8221;348851&#8243; link=&#8221;url:https%3A%2F%2Findustrialforniture.it%2Fwp-content%2Fuploads%2F2021%2F11%2Fiqnet.pdf|target:_blank&#8221;]SCARICA CERTIFICATO[\/vc_button][vc_separator sep_color=&#8221;&#8221; uncode_shortcode_id=&#8221;205018&#8243; sep_color_type=&#8221;uncode-solid&#8221; sep_color_solid=&#8221;#ff7700&#8243;][vc_empty_space empty_h=&#8221;2&#8243;][vc_custom_heading uncode_shortcode_id=&#8221;773226&#8243; el_class=&#8221;cert_title&#8221;]CERTIFICAZIONE RINA[\/vc_custom_heading][vc_empty_space empty_h=&#8221;0&#8243;][vc_raw_html]JTVCd29uZGVycGx1Z2luX3BkZiUyMHNyYyUzRCUyMmh0dHBzJTNBJTJGJTJGd3d3LmluZHVzdHJpYWxmb3JuaXR1cmUuaXQlMkZ3cC1jb250ZW50JTJGdXBsb2FkcyUyRjIwMjQlMkYwNiUyRklTTy05MDAxXzIwMTUtQ2VydGlmaWNhdGUtTm8uMTAwNC45OC5TLnBkZiUyMiUyMHdpZHRoJTNEJTIyMTAwJTI1JTIyJTIwaGVpZ2h0JTNEJTIyNjAwcHglMjIlMjBzdHlsZSUzRCUyMmJvcmRlciUzQTAlM0IlMjIlNUQ=[\/vc_raw_html][vc_button border_width=&#8221;0&#8243; uncode_shortcode_id=&#8221;167371&#8243; link=&#8221;url:https%3A%2F%2Fwww.industrialforniture.it%2Fwp-content%2Fuploads%2F2024%2F06%2FISO-9001_2015-Certificate-No.1004.98.S.pdf|target:_blank&#8221;]SCARICA CERTIFICATO[\/vc_button][vc_separator sep_color=&#8221;&#8221; uncode_shortcode_id=&#8221;722046&#8243; sep_color_type=&#8221;uncode-solid&#8221; sep_color_solid=&#8221;#ff7700&#8243;][vc_custom_heading uncode_shortcode_id=&#8221;676457&#8243; el_class=&#8221;cert_title&#8221;]CERTIFICAZIONE CRIBIS 2025[\/vc_custom_heading][vc_column_text uncode_shortcode_id=&#8221;212391&#8243;]Anche per quest\u2019anno INDUSTRIALFORNITURE SRL ha ottenuto il certificato Prime Company da CRIBIS\/Dun &amp; Bradestreet, societ\u00e0 specializzata nella forniture di informazioni commerciali su aziende italiane e straniere. Si tratta di un riconoscimento molto ambito dalle aziende italiane che si fonda sull\u2019analisi rigorosa di oltre 1500 parametri tra i quali:<br \/>\nesperienze di pagamento, fonti proprietari, analisi approfondita, indici degli ultimi 5 anni di Bilancio, presenza\/assenza di informazioni negative, et\u00e0 dell\u2019impresa, dati e trend di settore etc.<br \/>\nINDUSTRIALFORNITURE SRL si qualifica con il Rating 1 che indica il massimo livello di affidabilit\u00e0 raggiungibile. L\u2019analisi \u00e8 estesa altres\u00ec all\u2019attuale comportamento nei pagamenti verso i fornitori certificando cos\u00ec l\u2019assoluta puntualit\u00e0 di INDUSTRIALFORNITURE SRL questo importante riconoscimento \u00e8 la conferma del livello di solidit\u00e0 economica-finanziaria di INDUSTRIALFORNITURE SRL e una garanzia per tutte le aziende che l\u2019hanno scelta e che in futuro decideranno di sceglierla come Partner Commerciale.[\/vc_column_text][vc_raw_html]JTVCd29uZGVycGx1Z2luX3BkZiUyMHNyYyUzRCUyMmh0dHBzJTNBJTJGJTJGd3d3LmluZHVzdHJpYWxmb3JuaXR1cmUuaXQlMkZ3cC1jb250ZW50JTJGdXBsb2FkcyUyRjIwMjUlMkYwNiUyRklUQV9JTkRVU1RSSUFMRk9STklUVVJFLVNSTC0ucGRmJTIyJTIwd2lkdGglM0QlMjIxMDAlMjUlMjIlMjBoZWlnaHQlM0QlMjI1NTBweCUyMiUyMHN0eWxlJTNEJTIyYm9yZGVyJTNBMCUzQiUyMiU1RA==[\/vc_raw_html][vc_button border_width=&#8221;0&#8243; uncode_shortcode_id=&#8221;180238&#8243; link=&#8221;url:https%3A%2F%2Fwww.industrialforniture.it%2Fwp-content%2Fuploads%2F2025%2F06%2FITA_INDUSTRIALFORNITURE-SRL-.pdf|target:_blank&#8221;]SCARICA CERTIFICATO[\/vc_button][vc_separator sep_color=&#8221;&#8221; uncode_shortcode_id=&#8221;722046&#8243; sep_color_type=&#8221;uncode-solid&#8221; sep_color_solid=&#8221;#ff7700&#8243;][vc_custom_heading uncode_shortcode_id=&#8221;762168&#8243; el_class=&#8221;cert_title&#8221;]CERTIFICAZIONE CRIBIS 2021[\/vc_custom_heading][vc_empty_space empty_h=&#8221;0&#8243;][vc_raw_html]JTVCd29uZGVycGx1Z2luX3BkZiUyMHNyYyUzRCUyMmh0dHBzJTNBJTJGJTJGd3d3LmluZHVzdHJpYWxmb3JuaXR1cmUuaXQlMkZ3cC1jb250ZW50JTJGdXBsb2FkcyUyRjIwMjElMkYxMCUyRkNSSUJJUy0yMDIxLnBkZiUyMiUyMHdpZHRoJTNEJTIyMTAwJTI1JTIyJTIwaGVpZ2h0JTNEJTIyNTUwcHglMjIlMjBzdHlsZSUzRCUyMmJvcmRlciUzQTAlM0IlMjIlNUQ=[\/vc_raw_html][vc_button border_width=&#8221;0&#8243; uncode_shortcode_id=&#8221;193731&#8243; link=&#8221;url:https%3A%2F%2Findustrialforniture.it%2Fwp-content%2Fuploads%2F2021%2F11%2FCRIBIS-2021.pdf|target:_blank&#8221;]SCARICA CERTIFICATO[\/vc_button][vc_separator sep_color=&#8221;&#8221; uncode_shortcode_id=&#8221;660502&#8243; sep_color_type=&#8221;uncode-solid&#8221; sep_color_solid=&#8221;#ff7700&#8243;][vc_empty_space empty_h=&#8221;2&#8243;][vc_custom_heading uncode_shortcode_id=&#8221;324587&#8243; el_class=&#8221;cert_title&#8221;]CERTIFICAZIONE CRIBIS 2019[\/vc_custom_heading][vc_empty_space empty_h=&#8221;0&#8243;][vc_raw_html]JTVCd29uZGVycGx1Z2luX3BkZiUyMHNyYyUzRCUyMmh0dHBzJTNBJTJGJTJGd3d3LmluZHVzdHJpYWxmb3JuaXR1cmUuaXQlMkZ3cC1jb250ZW50JTJGdXBsb2FkcyUyRjIwMjElMkYxMCUyRkNSSUJJUy0yMDE5LnBkZiUyMiUyMHdpZHRoJTNEJTIyMTAwJTI1JTIyJTIwaGVpZ2h0JTNEJTIyNTUwcHglMjIlMjBzdHlsZSUzRCUyMmJvcmRlciUzQTAlM0IlMjIlNUQ=[\/vc_raw_html][vc_button border_width=&#8221;0&#8243; uncode_shortcode_id=&#8221;181488&#8243; link=&#8221;url:https%3A%2F%2Findustrialforniture.it%2Fwp-content%2Fuploads%2F2021%2F11%2FCRIBIS-2019.pdf|target:_blank&#8221;]SCARICA CERTIFICATO[\/vc_button][vc_separator sep_color=&#8221;&#8221; uncode_shortcode_id=&#8221;116247&#8243; sep_color_type=&#8221;uncode-solid&#8221; sep_color_solid=&#8221;#ff7700&#8243;][vc_empty_space empty_h=&#8221;2&#8243;][vc_custom_heading uncode_shortcode_id=&#8221;204858&#8243; el_class=&#8221;cert_title&#8221;]CERTIFICAZIONE CRIBIS 2018[\/vc_custom_heading][vc_empty_space empty_h=&#8221;0&#8243;][vc_raw_html]JTVCd29uZGVycGx1Z2luX3BkZiUyMHNyYyUzRCUyMmh0dHBzJTNBJTJGJTJGd3d3LmluZHVzdHJpYWxmb3JuaXR1cmUuaXQlMkZ3cC1jb250ZW50JTJGdXBsb2FkcyUyRjIwMjElMkYxMCUyRkNSSUJJUy0yMDE4LnBkZiUyMiUyMHdpZHRoJTNEJTIyMTAwJTI1JTIyJTIwaGVpZ2h0JTNEJTIyNTUwcHglMjIlMjBzdHlsZSUzRCUyMmJvcmRlciUzQTAlM0IlMjIlNUQ=[\/vc_raw_html][vc_button border_width=&#8221;0&#8243; uncode_shortcode_id=&#8221;125872&#8243; link=&#8221;url:https%3A%2F%2Findustrialforniture.it%2Fwp-content%2Fuploads%2F2021%2F11%2FCRIBIS-2018.pdf|target:_blank&#8221;]SCARICA CERTIFICATO[\/vc_button][vc_separator sep_color=&#8221;&#8221; uncode_shortcode_id=&#8221;132002&#8243; sep_color_type=&#8221;uncode-solid&#8221; sep_color_solid=&#8221;#ff7700&#8243;][vc_empty_space empty_h=&#8221;2&#8243;][vc_custom_heading uncode_shortcode_id=&#8221;362026&#8243; el_class=&#8221;cert_title&#8221;]CERTIFICAZIONE CRIBIS 2017[\/vc_custom_heading][vc_empty_space empty_h=&#8221;0&#8243;][vc_raw_html]JTVCd29uZGVycGx1Z2luX3BkZiUyMHNyYyUzRCUyMmh0dHBzJTNBJTJGJTJGd3d3LmluZHVzdHJpYWxmb3JuaXR1cmUuaXQlMkZ3cC1jb250ZW50JTJGdXBsb2FkcyUyRjIwMjElMkYxMCUyRkNSSUJJUzE3XzIucGRmJTIyJTIwd2lkdGglM0QlMjIxMDAlMjUlMjIlMjBoZWlnaHQlM0QlMjI1NTBweCUyMiUyMHN0eWxlJTNEJTIyYm9yZGVyJTNBMCUzQiUyMiU1RA==[\/vc_raw_html][vc_button border_width=&#8221;0&#8243; uncode_shortcode_id=&#8221;210966&#8243; link=&#8221;url:https%3A%2F%2Findustrialforniture.it%2Fwp-content%2Fuploads%2F2021%2F11%2FCRIBIS17_.pdf|target:_blank&#8221;]SCARICA CERTIFICATO[\/vc_button][vc_separator sep_color=&#8221;&#8221; uncode_shortcode_id=&#8221;132002&#8243; sep_color_type=&#8221;uncode-solid&#8221; sep_color_solid=&#8221;#ff7700&#8243;][vc_empty_space empty_h=&#8221;2&#8243;][vc_custom_heading uncode_shortcode_id=&#8221;577299&#8243; el_class=&#8221;cert_title&#8221;]POLITICA DIRITTI UMANI[\/vc_custom_heading][vc_empty_space empty_h=&#8221;0&#8243;][vc_raw_html]JTVCd29uZGVycGx1Z2luX3BkZiUyMHNyYyUzRCUyMmh0dHBzJTNBJTJGJTJGd3d3LmluZHVzdHJpYWxmb3JuaXR1cmUuaXQlMkZ3cC1jb250ZW50JTJGdXBsb2FkcyUyRjIwMjUlMkYwNiUyRlBvbGl0aWNhLURpcml0dGktVW1hbmktSW5kdXN0cmlhbGZvcm5pdHVyZS5wZGYlMjIlMjB3aWR0aCUzRCUyMjEwMCUyNSUyMiUyMGhlaWdodCUzRCUyMjU1MHB4JTIyJTIwc3R5bGUlM0QlMjJib3JkZXIlM0EwJTNCJTIyJTVE[\/vc_raw_html][vc_empty_space empty_h=&#8221;2&#8243;][\/vc_column][\/vc_row][vc_row row_height_percent=&#8221;0&#8243; overlay_alpha=&#8221;50&#8243; gutter_size=&#8221;3&#8243; column_width_percent=&#8221;100&#8243; shift_y=&#8221;0&#8243; z_index=&#8221;0&#8243; desktop_visibility=&#8221;yes&#8221; uncode_shortcode_id=&#8221;557278&#8243;][vc_column column_width_percent=&#8221;100&#8243; align_horizontal=&#8221;align_center&#8221; gutter_size=&#8221;3&#8243; overlay_alpha=&#8221;50&#8243; shift_x=&#8221;0&#8243; shift_y=&#8221;0&#8243; shift_y_down=&#8221;0&#8243; z_index=&#8221;0&#8243; medium_width=&#8221;0&#8243; mobile_width=&#8221;0&#8243; width=&#8221;1\/1&#8243; uncode_shortcode_id=&#8221;137513&#8243;][vc_custom_heading uncode_shortcode_id=&#8221;254136&#8243; el_class=&#8221;cert_title&#8221;]POLITICA PER LA QUALITA'[\/vc_custom_heading][vc_empty_space empty_h=&#8221;0&#8243;][vc_raw_html]JTVCd29uZGVycGx1Z2luX3BkZiUyMHNyYyUzRCUyMmh0dHBzJTNBJTJGJTJGd3d3LmluZHVzdHJpYWxmb3JuaXR1cmUuaXQlMkZ3cC1jb250ZW50JTJGdXBsb2FkcyUyRjIwMjIlMkYwNSUyRkFsbC5QT0xRX1BvbGl0aWNhLXBlci1sYS1xdWFsaXRhX1Jldi4wLTI4LjAyLjIwMTgucGRmJTIyJTIwd2lkdGglM0QlMjIxMDAlMjUlMjIlMjBoZWlnaHQlM0QlMjI1MDBweCUyMiUyMHN0eWxlJTNEJTIyYm9yZGVyJTNBMCUzQiUyMiU1RA==[\/vc_raw_html][vc_separator sep_color=&#8221;&#8221; uncode_shortcode_id=&#8221;205018&#8243; sep_color_type=&#8221;uncode-solid&#8221; sep_color_solid=&#8221;#ff7700&#8243;][vc_custom_heading uncode_shortcode_id=&#8221;868184&#8243; el_class=&#8221;cert_title&#8221;]CERTIFICAZIONE IQNET[\/vc_custom_heading][vc_empty_space empty_h=&#8221;0&#8243;][vc_raw_html]JTVCd29uZGVycGx1Z2luX3BkZiUyMHNyYyUzRCUyMmh0dHBzJTNBJTJGJTJGd3d3LmluZHVzdHJpYWxmb3JuaXR1cmUuaXQlMkZ3cC1jb250ZW50JTJGdXBsb2FkcyUyRjIwMjElMkYxMCUyRmlxbmV0LnBkZiUyMiUyMHdpZHRoJTNEJTIyMTAwJTI1JTIyJTIwaGVpZ2h0JTNEJTIyNTAwcHglMjIlMjBzdHlsZSUzRCUyMmJvcmRlciUzQTAlM0IlMjIlNUQ=[\/vc_raw_html][vc_button border_width=&#8221;0&#8243; uncode_shortcode_id=&#8221;348851&#8243; link=&#8221;url:https%3A%2F%2Findustrialforniture.it%2Fwp-content%2Fuploads%2F2021%2F11%2Fiqnet.pdf|target:_blank&#8221;]SCARICA CERTIFICATO[\/vc_button][vc_separator sep_color=&#8221;&#8221; uncode_shortcode_id=&#8221;205018&#8243; sep_color_type=&#8221;uncode-solid&#8221; sep_color_solid=&#8221;#ff7700&#8243;][vc_empty_space empty_h=&#8221;2&#8243;][vc_custom_heading uncode_shortcode_id=&#8221;773226&#8243; el_class=&#8221;cert_title&#8221;]CERTIFICAZIONE RINA[\/vc_custom_heading][vc_empty_space empty_h=&#8221;0&#8243;][vc_raw_html]JTVCd29uZGVycGx1Z2luX3BkZiUyMHNyYyUzRCUyMmh0dHBzJTNBJTJGJTJGd3d3LmluZHVzdHJpYWxmb3JuaXR1cmUuaXQlMkZ3cC1jb250ZW50JTJGdXBsb2FkcyUyRjIwMjElMkYxMCUyRmNlcnRpZmljYXRlLXNpZ25lZC5wZGYlMjIlMjB3aWR0aCUzRCUyMjEwMCUyNSUyMiUyMGhlaWdodCUzRCUyMjUwMHB4JTIyJTIwc3R5bGUlM0QlMjJib3JkZXIlM0EwJTNCJTIyJTVE[\/vc_raw_html][vc_button border_width=&#8221;0&#8243; uncode_shortcode_id=&#8221;174141&#8243; link=&#8221;url:https%3A%2F%2Findustrialforniture.it%2Fwp-content%2Fuploads%2F2021%2F11%2Fcertificate-signed.pdf|target:_blank&#8221;]SCARICA CERTIFICATO[\/vc_button][vc_separator sep_color=&#8221;&#8221; uncode_shortcode_id=&#8221;722046&#8243; sep_color_type=&#8221;uncode-solid&#8221; sep_color_solid=&#8221;#ff7700&#8243;][vc_empty_space empty_h=&#8221;2&#8243;][vc_custom_heading uncode_shortcode_id=&#8221;762168&#8243; el_class=&#8221;cert_title&#8221;]CERTIFICAZIONE CRIBIS 2021[\/vc_custom_heading][vc_column_text uncode_shortcode_id=&#8221;855822&#8243;]Anche per quest\u2019anno INDUSTRIALFORNITURE SRL ha ottenuto il certificato Prime Company da CRIBIS\/Dun &amp; Bradestreet, societ\u00e0 specializzata nella forniture di informazioni commerciali su aziende italiane e straniere. Si tratta di un riconoscimento molto ambito dalle aziende italiane che si fonda sull\u2019analisi rigorosa di oltre 1500 parametri tra i quali:<br \/>\nesperienze di pagamento, fonti proprietari, analisi approfondita, indici degli ultimi 5 anni di Bilancio, presenza\/assenza di informazioni negative, et\u00e0 dell\u2019impresa, dati e trend di settore etc.<br \/>\nINDUSTRIALFORNITURE SRL si qualifica con il Rating 1 che indica il massimo livello di affidabilit\u00e0 raggiungibile. L\u2019analisi \u00e8 estesa altres\u00ec all\u2019attuale comportamento nei pagamenti verso i fornitori certificando cos\u00ec l\u2019assoluta puntualit\u00e0 di INDUSTRIALFORNITURE SRL questo importante riconoscimento \u00e8 la conferma del livello di solidit\u00e0 economica-finanziaria di INDUSTRIALFORNITURE SRL e una garanzia per tutte le aziende che l\u2019hanno scelta e che in futuro decideranno di sceglierla come Partner Commerciale.[\/vc_column_text][vc_empty_space empty_h=&#8221;0&#8243;][vc_raw_html]JTVCd29uZGVycGx1Z2luX3BkZiUyMHNyYyUzRCUyMmh0dHBzJTNBJTJGJTJGd3d3LmluZHVzdHJpYWxmb3JuaXR1cmUuaXQlMkZ3cC1jb250ZW50JTJGdXBsb2FkcyUyRjIwMjElMkYxMCUyRkNSSUJJUy0yMDIxLnBkZiUyMiUyMHdpZHRoJTNEJTIyMTAwJTI1JTIyJTIwaGVpZ2h0JTNEJTIyMzAwcHglMjIlMjBzdHlsZSUzRCUyMmJvcmRlciUzQTAlM0IlMjIlNUQ=[\/vc_raw_html][vc_button border_width=&#8221;0&#8243; uncode_shortcode_id=&#8221;193731&#8243; link=&#8221;url:https%3A%2F%2Findustrialforniture.it%2Fwp-content%2Fuploads%2F2021%2F11%2FCRIBIS-2021.pdf|target:_blank&#8221;]SCARICA CERTIFICATO[\/vc_button][vc_separator sep_color=&#8221;&#8221; uncode_shortcode_id=&#8221;660502&#8243; sep_color_type=&#8221;uncode-solid&#8221; sep_color_solid=&#8221;#ff7700&#8243;][vc_empty_space empty_h=&#8221;2&#8243;][vc_custom_heading uncode_shortcode_id=&#8221;324587&#8243; el_class=&#8221;cert_title&#8221;]CERTIFICAZIONE CRIBIS 2019[\/vc_custom_heading][vc_empty_space empty_h=&#8221;0&#8243;][vc_raw_html]JTVCd29uZGVycGx1Z2luX3BkZiUyMHNyYyUzRCUyMmh0dHBzJTNBJTJGJTJGd3d3LmluZHVzdHJpYWxmb3JuaXR1cmUuaXQlMkZ3cC1jb250ZW50JTJGdXBsb2FkcyUyRjIwMjElMkYxMCUyRkNSSUJJUy0yMDE5LnBkZiUyMiUyMHdpZHRoJTNEJTIyMTAwJTI1JTIyJTIwaGVpZ2h0JTNEJTIyMzAwcHglMjIlMjBzdHlsZSUzRCUyMmJvcmRlciUzQTAlM0IlMjIlNUQ=[\/vc_raw_html][vc_button border_width=&#8221;0&#8243; uncode_shortcode_id=&#8221;181488&#8243; link=&#8221;url:https%3A%2F%2Findustrialforniture.it%2Fwp-content%2Fuploads%2F2021%2F11%2FCRIBIS-2019.pdf|target:_blank&#8221;]SCARICA CERTIFICATO[\/vc_button][vc_separator sep_color=&#8221;&#8221; uncode_shortcode_id=&#8221;116247&#8243; sep_color_type=&#8221;uncode-solid&#8221; sep_color_solid=&#8221;#ff7700&#8243;][vc_empty_space empty_h=&#8221;2&#8243;][vc_custom_heading uncode_shortcode_id=&#8221;204858&#8243; el_class=&#8221;cert_title&#8221;]CERTIFICAZIONE CRIBIS 2018[\/vc_custom_heading][vc_empty_space empty_h=&#8221;0&#8243;][vc_raw_html]JTVCd29uZGVycGx1Z2luX3BkZiUyMHNyYyUzRCUyMmh0dHBzJTNBJTJGJTJGd3d3LmluZHVzdHJpYWxmb3JuaXR1cmUuaXQlMkZ3cC1jb250ZW50JTJGdXBsb2FkcyUyRjIwMjElMkYxMCUyRkNSSUJJUy0yMDE4LnBkZiUyMiUyMHdpZHRoJTNEJTIyMTAwJTI1JTIyJTIwaGVpZ2h0JTNEJTIyMzAwcHglMjIlMjBzdHlsZSUzRCUyMmJvcmRlciUzQTAlM0IlMjIlNUQ=[\/vc_raw_html][vc_button border_width=&#8221;0&#8243; uncode_shortcode_id=&#8221;125872&#8243; link=&#8221;url:https%3A%2F%2Findustrialforniture.it%2Fwp-content%2Fuploads%2F2021%2F11%2FCRIBIS-2018.pdf|target:_blank&#8221;]SCARICA CERTIFICATO[\/vc_button][vc_separator sep_color=&#8221;&#8221; uncode_shortcode_id=&#8221;132002&#8243; sep_color_type=&#8221;uncode-solid&#8221; sep_color_solid=&#8221;#ff7700&#8243;][vc_empty_space empty_h=&#8221;2&#8243;][vc_custom_heading uncode_shortcode_id=&#8221;362026&#8243; el_class=&#8221;cert_title&#8221;]CERTIFICAZIONE CRIBIS 2017[\/vc_custom_heading][vc_empty_space empty_h=&#8221;0&#8243;][vc_raw_html]JTVCd29uZGVycGx1Z2luX3BkZiUyMHNyYyUzRCUyMmh0dHBzJTNBJTJGJTJGd3d3LmluZHVzdHJpYWxmb3JuaXR1cmUuaXQlMkZ3cC1jb250ZW50JTJGdXBsb2FkcyUyRjIwMjElMkYxMCUyRkNSSUJJUzE3XzIucGRmJTIyJTIwd2lkdGglM0QlMjIxMDAlMjUlMjIlMjBoZWlnaHQlM0QlMjIzMDBweCUyMiUyMHN0eWxlJTNEJTIyYm9yZGVyJTNBMCUzQiUyMiU1RA==[\/vc_raw_html][vc_button border_width=&#8221;0&#8243; uncode_shortcode_id=&#8221;210966&#8243; link=&#8221;url:https%3A%2F%2Findustrialforniture.it%2Fwp-content%2Fuploads%2F2021%2F11%2FCRIBIS17_.pdf|target:_blank&#8221;]SCARICA CERTIFICATO[\/vc_button][vc_empty_space empty_h=&#8221;2&#8243;][\/vc_column][\/vc_row]<\/p>\n<\/div>","protected":false},"excerpt":{"rendered":"<p>[vc_row unlock_row_content=&#8221;yes&#8221; row_height_percent=&#8221;0&#8243; override_padding=&#8221;yes&#8221; h_padding=&#8221;4&#8243; top_padding=&#8221;2&#8243; bottom_padding=&#8221;2&#8243; overlay_alpha=&#8221;50&#8243; gutter_size=&#8221;3&#8243; column_width_percent=&#8221;100&#8243; shift_y=&#8221;0&#8243; z_index=&#8221;0&#8243; uncode_shortcode_id=&#8221;189213&#8243;][vc_column width=&#8221;1\/1&#8243;][vc_column_text uncode_shortcode_id=&#8221;189678&#8243;] La costante attenzione alla qualit\u00e0 [&hellip;]<\/p>\n","protected":false},"author":1,"featured_media":0,"parent":0,"menu_order":0,"comment_status":"closed","ping_status":"closed","template":"","meta":{"footnotes":""},"class_list":["post-100818","page","type-page","status-publish","hentry"],"_links":{"self":[{"href":"https:\/\/www.industrialforniture.it\/home\/wp-json\/wp\/v2\/pages\/100818","targetHints":{"allow":["GET"]}}],"collection":[{"href":"https:\/\/www.industrialforniture.it\/home\/wp-json\/wp\/v2\/pages"}],"about":[{"href":"https:\/\/www.industrialforniture.it\/home\/wp-json\/wp\/v2\/types\/page"}],"author":[{"embeddable":true,"href":"https:\/\/www.industrialforniture.it\/home\/wp-json\/wp\/v2\/users\/1"}],"replies":[{"embeddable":true,"href":"https:\/\/www.industrialforniture.it\/home\/wp-json\/wp\/v2\/comments?post=100818"}],"version-history":[{"count":16,"href":"https:\/\/www.industrialforniture.it\/home\/wp-json\/wp\/v2\/pages\/100818\/revisions"}],"predecessor-version":[{"id":101546,"href":"https:\/\/www.industrialforniture.it\/home\/wp-json\/wp\/v2\/pages\/100818\/revisions\/101546"}],"wp:attachment":[{"href":"https:\/\/www.industrialforniture.it\/home\/wp-json\/wp\/v2\/media?parent=100818"}],"curies":[{"name":"wp","href":"https:\/\/api.w.org\/{rel}","templated":true}]}}